{"id":866,"date":"2016-09-05T08:26:36","date_gmt":"2016-09-05T08:26:36","guid":{"rendered":"http:\/\/matthieudubost.fr\/accueil\/?page_id=866"},"modified":"2016-09-17T14:54:15","modified_gmt":"2016-09-17T14:54:15","slug":"sennett-et-le-burlesque","status":"publish","type":"page","link":"http:\/\/matthieudubost.fr\/accueil\/sennett-et-le-burlesque\/","title":{"rendered":"Sennett et le burlesque"},"content":{"rendered":"<p>Voici une seconde publication in\u00e9dite qui porte sur le cin\u00e9ma primitif. Il est consacr\u00e9 au burlesque am\u00e9ricain et s&rsquo;intitule \u00ab\u00a0Mack Sennett ou la v\u00e9rit\u00e9 frivole &#8211; le r\u00e9alisme burlesque et la justice du happy end\u00a0\u00bb\u00a0<a href=\"http:\/\/matthieudubost.fr\/accueil\/wp-content\/uploads\/2014\/12\/Mack-Sennett-ou-la-v\u00e9rit\u00e9-frivole.doc\">Mack Sennett ou la v\u00e9rit\u00e9 frivole<\/a>.<\/p>\n<div id=\"attachment_952\" style=\"width: 179px\" class=\"wp-caption aligncenter\"><a href=\"http:\/\/matthieudubost.fr\/accueil\/wp-content\/uploads\/2016\/09\/sennett.jpg\"><img aria-describedby=\"caption-attachment-952\" decoding=\"async\" loading=\"lazy\" class=\"wp-image-952 \" src=\"http:\/\/matthieudubost.fr\/accueil\/wp-content\/uploads\/2016\/09\/sennett.jpg\" alt=\"Sennett et le burlesque\" width=\"169\" height=\"219\" srcset=\"http:\/\/matthieudubost.fr\/accueil\/wp-content\/uploads\/2016\/09\/sennett.jpg 232w, http:\/\/matthieudubost.fr\/accueil\/wp-content\/uploads\/2016\/09\/sennett-133x171.jpg 133w\" sizes=\"(max-width: 169px) 100vw, 169px\" \/><\/a><p id=\"caption-attachment-952\" class=\"wp-caption-text\">Sennett et le burlesque<\/p><\/div>\n<p>Voici le d\u00e9but de l&rsquo;article :<\/p>\n<p>\u00a0\u00bb\u00a0R\u00e9sum\u00e9\u00a0: la frivolit\u00e9 apparente des films burlesques de Mack Sennett ne doit pas emp\u00eacher d\u2019en appr\u00e9cier toute la port\u00e9e politique et morale. Par un style propre, Sennett fonde un genre \u00e0 part enti\u00e8re qui se distingue par son rythme et ses\u00a0<em>happy ends<\/em>. Ces deux composantes permettent d\u2019exprimer une sensibilit\u00e9 aux changements de l\u2019\u00e9poque et le projet d\u2019une soci\u00e9t\u00e9 plus juste, bien loin d\u2019\u00eatre des raccourcis narratifs ou des r\u00e9flexes de mise en sc\u00e8ne.<\/p>\n<p><em>\u00a0<\/em>Mack Sennett d\u00e9couvre v\u00e9ritablement le cin\u00e9ma lors de son arriv\u00e9e aux USA, au moment o\u00f9 il r\u00eave encore d\u2019un succ\u00e8s th\u00e9\u00e2tral. D\u2019abord simple figurant, il rencontre Griffith aupr\u00e8s duquel il se familiarise avec la r\u00e9alisation mais il aspire tr\u00e8s rapidement \u00e0 un style un peu moins \u00ab\u00a0s\u00e9rieux\u00a0\u00bb. C\u2019est ainsi que d\u2019essais en succ\u00e8s, il fonde la Keystone, bient\u00f4t surnomm\u00e9e \u00ab\u00a0L\u2019usine du rire am\u00e9ricain\u00a0\u00bb. Il r\u00e9alise ou supervise ainsi 4000 films de 1911 \u00e0 1935, entour\u00e9 d\u2019une arm\u00e9e d\u2019employ\u00e9s qui se plient au \u00ab\u00a0style Sennett\u00a0\u00bb.<\/p>\n<p>C\u2019est bien d\u2019un style dont on peut en effet parler bien que la l\u00e9g\u00e8ret\u00e9 et la popularit\u00e9 du burlesque ait pu souvent conduire \u00e0 n\u00e9gliger la cr\u00e9ativit\u00e9 et la force de ses \u0153uvres. Ce que fonde en r\u00e9alit\u00e9 Sennett, c\u2019est le\u00a0<em>slapstick<\/em>, ou burlesque, comme un genre absolument cin\u00e9matographique qui profite des intuitions de ce pionnier quant aux pouvoirs d\u2019expression d\u2019un art naissant. Le\u00a0<em>slapstick<\/em>\u00a0de Sennett, c\u2019est avant le r\u00e9cit du chaos et de l\u2019enchev\u00eatrement fr\u00e9n\u00e9tique des personnages et des \u00e9v\u00e8nements. Mais ce faisant, Sennett dit aussi les changements d\u2019une \u00e9poque et en quoi on peut vouloir changer l\u2019ordre\u00a0en place. Le\u00a0<em>slapstick<\/em>, loin d\u2019\u00eatre un divertissement sans cons\u00e9quence, est un lieu d\u2019observation de la soci\u00e9t\u00e9 en transformation dont il traduit les rythmes et les contradictions.<\/p>\n<p>Le chaos de ces films n\u2019est pas seulement l\u2019expression d\u2019une soci\u00e9t\u00e9 qui change mais aussi d\u2019un d\u00e9sordre qu\u2019on veut y introduire. Le\u00a0<em>slapstick<\/em>\u00a0est aussi\u00a0<em>un lieu de contestation<\/em>\u00a0o\u00f9 les rythmes sont accentu\u00e9s en vue d\u2019\u00eatre modifi\u00e9s. Par cette fr\u00e9n\u00e9sie, Sennett r\u00eave une soci\u00e9t\u00e9 plus juste et plus humaine. On ne doit pas perdre de vue que Sennett est d\u2019origine modeste et qu\u2019il a bien connu les difficult\u00e9s de l\u2019immigration et de la pauvret\u00e9. Il est donc particuli\u00e8rement sensible aux disparit\u00e9s et aux paradoxes d\u2019une morale qui ne profite qu\u2019\u00e0 un petit nombre, bien que le burlesque semble le plus l\u00e9ger de tous les genres. Imaginer et r\u00eaver une autre soci\u00e9t\u00e9 o\u00f9 les bonheurs et les peines seraient proportionn\u00e9s aux m\u00e9rites, c\u2019est aussi ce que permet ce nouvel art. Telles sont les pr\u00e9tentions d\u2019un rythme et des\u00a0<em>happy ends\u00a0<\/em>propres \u00e0 ces films.\u00a0\u00bb<\/p>\n","protected":false},"excerpt":{"rendered":"<p>Voici une seconde publication in\u00e9dite qui porte sur le cin\u00e9ma primitif. Il est consacr\u00e9 au burlesque am\u00e9ricain et s&rsquo;intitule \u00ab\u00a0Mack Sennett ou la v\u00e9rit\u00e9 frivole &#8211; le r\u00e9alisme burlesque et la justice du happy end\u00a0\u00bb\u00a0Mack Sennett ou la v\u00e9rit\u00e9 frivole. Voici le d\u00e9but de l&rsquo;article : \u00a0\u00bb\u00a0R\u00e9sum\u00e9\u00a0: la frivolit\u00e9 apparente des films burlesques de Mack [&hellip;]<\/p>\n","protected":false},"author":1,"featured_media":0,"parent":0,"menu_order":0,"comment_status":"closed","ping_status":"open","template":"","meta":[],"_links":{"self":[{"href":"http:\/\/matthieudubost.fr\/accueil\/wp-json\/wp\/v2\/pages\/866"}],"collection":[{"href":"http:\/\/matthieudubost.fr\/accueil\/wp-json\/wp\/v2\/pages"}],"about":[{"href":"http:\/\/matthieudubost.fr\/accueil\/wp-json\/wp\/v2\/types\/page"}],"author":[{"embeddable":true,"href":"http:\/\/matthieudubost.fr\/accueil\/wp-json\/wp\/v2\/users\/1"}],"replies":[{"embeddable":true,"href":"http:\/\/matthieudubost.fr\/accueil\/wp-json\/wp\/v2\/comments?post=866"}],"version-history":[{"count":3,"href":"http:\/\/matthieudubost.fr\/accueil\/wp-json\/wp\/v2\/pages\/866\/revisions"}],"predecessor-version":[{"id":954,"href":"http:\/\/matthieudubost.fr\/accueil\/wp-json\/wp\/v2\/pages\/866\/revisions\/954"}],"wp:attachment":[{"href":"http:\/\/matthieudubost.fr\/accueil\/wp-json\/wp\/v2\/media?parent=866"}],"curies":[{"name":"wp","href":"https:\/\/api.w.org\/{rel}","templated":true}]}}