{"id":452,"date":"2015-08-08T13:33:51","date_gmt":"2015-08-08T13:33:51","guid":{"rendered":"http:\/\/matthieudubost.fr\/accueil\/?page_id=452"},"modified":"2015-08-08T18:45:38","modified_gmt":"2015-08-08T18:45:38","slug":"extraits-douvrages-pour-sentrainer-aux-concours-tage-mage-tage-2-message-tremplin-passerelle-avenir","status":"publish","type":"page","link":"http:\/\/matthieudubost.fr\/accueil\/extraits-douvrages-pour-sentrainer-aux-concours-tage-mage-tage-2-message-tremplin-passerelle-avenir\/","title":{"rendered":"S&rsquo;entra\u00eener aux concours Tage Mage, Tage 2, Message, Tremplin, Passerelle, Gmat et Ecoles de commerce post-bac"},"content":{"rendered":"<p>Voici quelques extraits de mes diff\u00e9rents ouvrages. Vous pouvez-vous entra\u00eener gratuitement \u00e0 ces diff\u00e9rents concours. Retrouvez-les en int\u00e9gralit\u00e9 <a href=\"http:\/\/www.editions-ellipses.fr\/advanced_search_result.php?keywords=matthieu+dubost&amp;x=0&amp;y=0\" target=\"_blank\">ici<\/a>.<\/p>\n<ul>\n<li>un test de calcul pour le Tage Mage et le Tage 2 extrait de\u00a0<a href=\"http:\/\/matthieudubost.fr\/accueil\/wp-content\/uploads\/2015\/08\/3CBTM.pdf\">3 concours blancs Tage Mage<\/a><\/li>\n<li>un test de raisonnement argumentation extrait du livre\u00a0<a href=\"http:\/\/matthieudubost.fr\/accueil\/wp-content\/uploads\/2015\/08\/20CBTM.pdf\">20 concours blancs Tage Mage<\/a><\/li>\n<li>des QCM de culture g\u00e9n\u00e9rale et manag\u00e9riale extraits de\u00a0<a href=\"http:\/\/matthieudubost.fr\/accueil\/wp-content\/uploads\/2015\/08\/1000-QCM-pour-le-score-IAE-Message.pdf\">1000 QCM pour le score IAE Message<\/a><\/li>\n<li>quelques QCM de raisonnement logique et num\u00e9rique extraits d&rsquo;<a href=\"http:\/\/matthieudubost.fr\/accueil\/wp-content\/uploads\/2015\/08\/eit-MESSAGE-2014.pdf\">Entra\u00eenement intensif au Score IAE Message<\/a><\/li>\n<li>quelques QCM de calcul extraits d&rsquo;\u00a0<a href=\"http:\/\/matthieudubost.fr\/accueil\/wp-content\/uploads\/2015\/08\/EIT-Passerelle-1.pdf\">Entra\u00eenement intensif au concours Passerelle 1<\/a><\/li>\n<li><a href=\"http:\/\/matthieudubost.fr\/accueil\/wp-content\/uploads\/2015\/08\/EntrainementintensifauconcoursTremplin1MDubostv3.pdf\"><span style=\"color: #333333;\">quelques QCM de calcul extraits d&rsquo;<\/span><\/a><a href=\"http:\/\/matthieudubost.fr\/accueil\/wp-content\/uploads\/2015\/08\/EIT-Tage-2.pdf\">Entra\u00eenement intensif au concours Tage 2<\/a><\/li>\n<li><a href=\"http:\/\/matthieudubost.fr\/accueil\/wp-content\/uploads\/2015\/08\/EntrainementintensifauconcoursTremplin1MDubostv3.pdf\"><span style=\"color: #333333;\">quelques QCM de calcul extraits d&rsquo;<\/span>Entrainement intensif au concours Tremplin 1<\/a><\/li>\n<li>Quelques tests de Data sufficiency\u00a0extraits d&rsquo; <a href=\"http:\/\/matthieudubost.fr\/accueil\/wp-content\/uploads\/2015\/08\/IITGmat.pdf\">Entra\u00eenement intensif au Gmat<\/a><\/li>\n<\/ul>\n<p>&nbsp;<\/p>\n<p>&nbsp;<\/p>\n","protected":false},"excerpt":{"rendered":"<p>Voici quelques extraits de mes diff\u00e9rents ouvrages. Vous pouvez-vous entra\u00eener gratuitement \u00e0 ces diff\u00e9rents concours. Retrouvez-les en int\u00e9gralit\u00e9 ici. un test de calcul pour le Tage Mage et le Tage 2 extrait de\u00a03 concours blancs Tage Mage un test de raisonnement argumentation extrait du livre\u00a020 concours blancs Tage Mage des QCM de culture g\u00e9n\u00e9rale et [&hellip;]<\/p>\n","protected":false},"author":1,"featured_media":0,"parent":0,"menu_order":0,"comment_status":"open","ping_status":"open","template":"","meta":[],"_links":{"self":[{"href":"http:\/\/matthieudubost.fr\/accueil\/wp-json\/wp\/v2\/pages\/452"}],"collection":[{"href":"http:\/\/matthieudubost.fr\/accueil\/wp-json\/wp\/v2\/pages"}],"about":[{"href":"http:\/\/matthieudubost.fr\/accueil\/wp-json\/wp\/v2\/types\/page"}],"author":[{"embeddable":true,"href":"http:\/\/matthieudubost.fr\/accueil\/wp-json\/wp\/v2\/users\/1"}],"replies":[{"embeddable":true,"href":"http:\/\/matthieudubost.fr\/accueil\/wp-json\/wp\/v2\/comments?post=452"}],"version-history":[{"count":15,"href":"http:\/\/matthieudubost.fr\/accueil\/wp-json\/wp\/v2\/pages\/452\/revisions"}],"predecessor-version":[{"id":534,"href":"http:\/\/matthieudubost.fr\/accueil\/wp-json\/wp\/v2\/pages\/452\/revisions\/534"}],"wp:attachment":[{"href":"http:\/\/matthieudubost.fr\/accueil\/wp-json\/wp\/v2\/media?parent=452"}],"curies":[{"name":"wp","href":"https:\/\/api.w.org\/{rel}","templated":true}]}}