{"id":4367,"date":"2025-10-04T07:05:51","date_gmt":"2025-10-04T07:05:51","guid":{"rendered":"https:\/\/matthieudubost.fr\/accueil\/?page_id=4367"},"modified":"2025-10-04T07:06:59","modified_gmt":"2025-10-04T07:06:59","slug":"le-proces-de-jeanne-darc-de-robert-bresson","status":"publish","type":"page","link":"http:\/\/matthieudubost.fr\/accueil\/le-proces-de-jeanne-darc-de-robert-bresson\/","title":{"rendered":"Le proc\u00e8s de Jeanne d&rsquo;Arc de Robert Bresson"},"content":{"rendered":"\n<p>Voici une pr\u00e9sentation succincte du film \u00e0 l&rsquo;occasion d&rsquo;une r\u00e9flexion sur le jugement.<\/p>\n\n\n\n<figure class=\"wp-block-audio\"><audio controls src=\"https:\/\/matthieudubost.fr\/accueil\/wp-content\/uploads\/2025\/10\/Le-proces-de-J-dArc-de-R-Bresson.mp3\"><\/audio><\/figure>\n","protected":false},"excerpt":{"rendered":"<p>Voici une pr\u00e9sentation succincte du film \u00e0 l&rsquo;occasion d&rsquo;une r\u00e9flexion sur le jugement.<\/p>\n","protected":false},"author":1,"featured_media":0,"parent":0,"menu_order":0,"comment_status":"closed","ping_status":"closed","template":"","meta":[],"_links":{"self":[{"href":"http:\/\/matthieudubost.fr\/accueil\/wp-json\/wp\/v2\/pages\/4367"}],"collection":[{"href":"http:\/\/matthieudubost.fr\/accueil\/wp-json\/wp\/v2\/pages"}],"about":[{"href":"http:\/\/matthieudubost.fr\/accueil\/wp-json\/wp\/v2\/types\/page"}],"author":[{"embeddable":true,"href":"http:\/\/matthieudubost.fr\/accueil\/wp-json\/wp\/v2\/users\/1"}],"replies":[{"embeddable":true,"href":"http:\/\/matthieudubost.fr\/accueil\/wp-json\/wp\/v2\/comments?post=4367"}],"version-history":[{"count":2,"href":"http:\/\/matthieudubost.fr\/accueil\/wp-json\/wp\/v2\/pages\/4367\/revisions"}],"predecessor-version":[{"id":4371,"href":"http:\/\/matthieudubost.fr\/accueil\/wp-json\/wp\/v2\/pages\/4367\/revisions\/4371"}],"wp:attachment":[{"href":"http:\/\/matthieudubost.fr\/accueil\/wp-json\/wp\/v2\/media?parent=4367"}],"curies":[{"name":"wp","href":"https:\/\/api.w.org\/{rel}","templated":true}]}}