{"id":3962,"date":"2024-09-06T07:01:16","date_gmt":"2024-09-06T07:01:16","guid":{"rendered":"https:\/\/matthieudubost.fr\/accueil\/?page_id=3962"},"modified":"2024-09-06T07:08:55","modified_gmt":"2024-09-06T07:08:55","slug":"le-cameraman-de-b-keaton-ou-limage-du-burlesque","status":"publish","type":"page","link":"http:\/\/matthieudubost.fr\/accueil\/le-cameraman-de-b-keaton-ou-limage-du-burlesque\/","title":{"rendered":"Le Cameraman de B. Keaton ou l&rsquo;image du burlesque."},"content":{"rendered":"\n<p>Voici une conf\u00e9rence prononc\u00e9e \u00e0 l&rsquo;occasion de la session de rentr\u00e9e du lyc\u00e9e Dani\u00e9lou sur le th\u00e8me de l&rsquo;image.<\/p>\n\n\n\n<p>On peut d&rsquo;abord voir le film en ligne : https:\/\/www.youtube.com\/watch?v=XbgNaPzR9C0 <\/p>\n\n\n\n<p>Cliquer ci-dessous  pour \u00e9couter la conf\u00e9rence.<\/p>\n\n\n\n<figure class=\"wp-block-audio\"><audio controls src=\"http:\/\/matthieudubost.fr\/accueil\/wp-content\/uploads\/2024\/09\/Le-cameraman-de-B-Keaton.mp3\"><\/audio><\/figure>\n","protected":false},"excerpt":{"rendered":"<p>Voici une conf\u00e9rence prononc\u00e9e \u00e0 l&rsquo;occasion de la session de rentr\u00e9e du lyc\u00e9e Dani\u00e9lou sur le th\u00e8me de l&rsquo;image. On peut d&rsquo;abord voir le film en ligne : https:\/\/www.youtube.com\/watch?v=XbgNaPzR9C0 Cliquer ci-dessous pour \u00e9couter la conf\u00e9rence.<\/p>\n","protected":false},"author":1,"featured_media":0,"parent":0,"menu_order":0,"comment_status":"closed","ping_status":"closed","template":"","meta":[],"_links":{"self":[{"href":"http:\/\/matthieudubost.fr\/accueil\/wp-json\/wp\/v2\/pages\/3962"}],"collection":[{"href":"http:\/\/matthieudubost.fr\/accueil\/wp-json\/wp\/v2\/pages"}],"about":[{"href":"http:\/\/matthieudubost.fr\/accueil\/wp-json\/wp\/v2\/types\/page"}],"author":[{"embeddable":true,"href":"http:\/\/matthieudubost.fr\/accueil\/wp-json\/wp\/v2\/users\/1"}],"replies":[{"embeddable":true,"href":"http:\/\/matthieudubost.fr\/accueil\/wp-json\/wp\/v2\/comments?post=3962"}],"version-history":[{"count":4,"href":"http:\/\/matthieudubost.fr\/accueil\/wp-json\/wp\/v2\/pages\/3962\/revisions"}],"predecessor-version":[{"id":3970,"href":"http:\/\/matthieudubost.fr\/accueil\/wp-json\/wp\/v2\/pages\/3962\/revisions\/3970"}],"wp:attachment":[{"href":"http:\/\/matthieudubost.fr\/accueil\/wp-json\/wp\/v2\/media?parent=3962"}],"curies":[{"name":"wp","href":"https:\/\/api.w.org\/{rel}","templated":true}]}}