{"id":289,"date":"2015-07-17T21:13:05","date_gmt":"2015-07-17T21:13:05","guid":{"rendered":"http:\/\/matthieudubost.fr\/accueil\/?page_id=289"},"modified":"2019-08-20T09:19:33","modified_gmt":"2019-08-20T09:19:33","slug":"dernieres-publications","status":"publish","type":"page","link":"http:\/\/matthieudubost.fr\/accueil\/dernieres-publications\/","title":{"rendered":"Derni\u00e8res publications"},"content":{"rendered":"<div id=\"attachment_2507\" style=\"width: 187px\" class=\"wp-caption aligncenter\"><a href=\"http:\/\/matthieudubost.fr\/accueil\/wp-content\/uploads\/2015\/07\/64e492b6-11ea-4e7a-ad97-b34c63531245.jpg\"><img aria-describedby=\"caption-attachment-2507\" decoding=\"async\" loading=\"lazy\" class=\"wp-image-2507 size-medium\" src=\"http:\/\/matthieudubost.fr\/accueil\/wp-content\/uploads\/2015\/07\/64e492b6-11ea-4e7a-ad97-b34c63531245-177x300.jpg\" alt=\"64e492b6-11ea-4e7a-ad97-b34c63531245\" width=\"177\" height=\"300\" srcset=\"http:\/\/matthieudubost.fr\/accueil\/wp-content\/uploads\/2015\/07\/64e492b6-11ea-4e7a-ad97-b34c63531245-177x300.jpg 177w, http:\/\/matthieudubost.fr\/accueil\/wp-content\/uploads\/2015\/07\/64e492b6-11ea-4e7a-ad97-b34c63531245-118x200.jpg 118w, http:\/\/matthieudubost.fr\/accueil\/wp-content\/uploads\/2015\/07\/64e492b6-11ea-4e7a-ad97-b34c63531245.jpg 415w\" sizes=\"(max-width: 177px) 100vw, 177px\" \/><\/a><p id=\"caption-attachment-2507\" class=\"wp-caption-text\">All\u00e9gorie de la philosophie Hieronymus Sperling (1695-1777)<\/p><\/div>\n<p>Chers lecteurs<\/p>\n<p>Mon premier essai <em>La tentation pornographique<\/em> &#8211; <em>r\u00e9flexions sur la visibilit\u00e9 de l&rsquo;intime<\/em> a r\u00e9cemment fait l&rsquo;objet d&rsquo;une r\u00e9\u00e9dition. Vous la trouverez sur le <a href=\"http:\/\/www.editions-ellipses.fr\/product_info.php?products_id=8773\" target=\"_blank\">site<\/a> de mon \u00e9diteur.<\/p>\n<p>J&rsquo;ai par ailleurs publi\u00e9 r\u00e9cemment une r\u00e9flexion libre sur la sagesse populaire : <em>Apprendre \u00e0 philosopher avec les proverbes &#8211; quelques le\u00e7ons de bonheur<\/em>, disponible sur ce <a href=\"http:\/\/www.editions-ellipses.fr\/product_info.php?products_id=8896\" target=\"_blank\">site<\/a>. \u00a0En voici un extrait:\u00a0<a href=\"http:\/\/matthieudubost.fr\/accueil\/wp-content\/uploads\/2015\/07\/Quelques-le\u00e7ons-de-bonheur.pdf\">Quelques le\u00e7ons de bonheur<\/a>. Retrouvez quelques articles de presse \u00e0 ce propos dans la rubrique <a href=\"http:\/\/matthieudubost.fr\/accueil\/?page_id=242\">L&rsquo;auteur.<\/a><\/p>\n<p>Voici enfin mes derni\u00e8res publications universitaires :<\/p>\n<ul>\n<li>\u00ab\u00a0La jouissance selon L\u00e9vinas &#8211; une lecture critique de l&#8217;empi\u00e8tement de la chair de Merleau-Ponty\u00a0\u00bb accessible sur le site de la <a href=\"http:\/\/poj.peeters-leuven.be\/content.php?id=3073468&amp;url=article\" target=\"_blank\"><em>Revue philosophique de Louvain\u00a0\u00a0<\/em><\/a><\/li>\n<li>mes traductions de deux articles de philosophie analytique d&rsquo;E. Zemach : <a href=\"http:\/\/www.revue-klesis.org\/pdf\/Klesis-Varia-IV-1-Zemach-L-existence-et-les-inexistants-Quatre-ontologies-Matthieu-Dubost.pdf\" target=\"_blank\"><em>Quatre ontologies<\/em><\/a> et <a href=\"http:\/\/www.revue-klesis.org\/pdf\/Klesis-Varia-IV-1-Zemach-L-existence-et-les-inexistants-Quatre-ontologies-Matthieu-Dubost.pdf\" target=\"_blank\"><em>L&rsquo;existence et les inexistants<\/em><\/a> sur le site de la revue <em>Klesis.<\/em><\/li>\n<\/ul>\n","protected":false},"excerpt":{"rendered":"<p>Chers lecteurs Mon premier essai La tentation pornographique &#8211; r\u00e9flexions sur la visibilit\u00e9 de l&rsquo;intime a r\u00e9cemment fait l&rsquo;objet d&rsquo;une r\u00e9\u00e9dition. Vous la trouverez sur le site de mon \u00e9diteur. J&rsquo;ai par ailleurs publi\u00e9 r\u00e9cemment une r\u00e9flexion libre sur la sagesse populaire : Apprendre \u00e0 philosopher avec les proverbes &#8211; quelques le\u00e7ons de bonheur, disponible [&hellip;]<\/p>\n","protected":false},"author":1,"featured_media":0,"parent":0,"menu_order":0,"comment_status":"open","ping_status":"open","template":"","meta":[],"_links":{"self":[{"href":"http:\/\/matthieudubost.fr\/accueil\/wp-json\/wp\/v2\/pages\/289"}],"collection":[{"href":"http:\/\/matthieudubost.fr\/accueil\/wp-json\/wp\/v2\/pages"}],"about":[{"href":"http:\/\/matthieudubost.fr\/accueil\/wp-json\/wp\/v2\/types\/page"}],"author":[{"embeddable":true,"href":"http:\/\/matthieudubost.fr\/accueil\/wp-json\/wp\/v2\/users\/1"}],"replies":[{"embeddable":true,"href":"http:\/\/matthieudubost.fr\/accueil\/wp-json\/wp\/v2\/comments?post=289"}],"version-history":[{"count":7,"href":"http:\/\/matthieudubost.fr\/accueil\/wp-json\/wp\/v2\/pages\/289\/revisions"}],"predecessor-version":[{"id":2508,"href":"http:\/\/matthieudubost.fr\/accueil\/wp-json\/wp\/v2\/pages\/289\/revisions\/2508"}],"wp:attachment":[{"href":"http:\/\/matthieudubost.fr\/accueil\/wp-json\/wp\/v2\/media?parent=289"}],"curies":[{"name":"wp","href":"https:\/\/api.w.org\/{rel}","templated":true}]}}