{"id":2536,"date":"2019-09-21T10:40:50","date_gmt":"2019-09-21T10:40:50","guid":{"rendered":"http:\/\/matthieudubost.fr\/accueil\/?page_id=2536"},"modified":"2019-09-24T10:02:56","modified_gmt":"2019-09-24T10:02:56","slug":"le-theoreme-dincertitude-dheisenberg-analyse-dune-crise-des-fondements-de-la-physique","status":"publish","type":"page","link":"http:\/\/matthieudubost.fr\/accueil\/le-theoreme-dincertitude-dheisenberg-analyse-dune-crise-des-fondements-de-la-physique\/","title":{"rendered":"Le th\u00e9or\u00e8me d&rsquo;incertitude d&rsquo;Heisenberg : analyse d&rsquo;une crise des fondements de la physique"},"content":{"rendered":"<p>&nbsp;<\/p>\n<p style=\"text-align: center;\"><a href=\"http:\/\/matthieudubost.fr\/accueil\/wp-content\/uploads\/2019\/09\/IMG_5318.jpg\"><img decoding=\"async\" loading=\"lazy\" class=\"alignnone size-medium wp-image-2577\" src=\"http:\/\/matthieudubost.fr\/accueil\/wp-content\/uploads\/2019\/09\/IMG_5318-225x300.jpg\" alt=\"IMG_5318\" width=\"225\" height=\"300\" srcset=\"http:\/\/matthieudubost.fr\/accueil\/wp-content\/uploads\/2019\/09\/IMG_5318-225x300.jpg 225w, http:\/\/matthieudubost.fr\/accueil\/wp-content\/uploads\/2019\/09\/IMG_5318-768x1024.jpg 768w, http:\/\/matthieudubost.fr\/accueil\/wp-content\/uploads\/2019\/09\/IMG_5318-133x177.jpg 133w\" sizes=\"(max-width: 225px) 100vw, 225px\" \/><\/a><\/p>\n<p>Voici le\u00a0<a href=\"http:\/\/matthieudubost.fr\/accueil\/wp-content\/uploads\/2019\/09\/textes.docx\">plan et les textes<\/a>\u00a0de cette conf\u00e9rence donn\u00e9e au Th\u00e9\u00e2tre de Neuilly le 21 septembre 2019.<\/p>\n<p>Vous pouvez l&rsquo;\u00e9couter en cliquant\u00a0<a href=\"http:\/\/matthieudubost.fr\/accueil\/wp-content\/uploads\/2019\/09\/conf\u00e9rence-Heisenberg.mp3\">ici<\/a>.<\/p>\n<p>La video comment\u00e9e dans la troisi\u00e8me partie de la conf\u00e9rence se trouve sur\u00a0<a href=\"http:\/\/www.youtube.com\/watch?v=a8FTr2qMutA\"><strong>http:\/\/www.youtube.com\/watch?v=a8FTr2qMutA<\/strong><\/a><\/p>\n<p>&nbsp;<\/p>\n<p style=\"text-align: center;\"><a href=\"http:\/\/matthieudubost.fr\/accueil\/wp-content\/uploads\/2019\/09\/IMG_5319.jpg\"><img decoding=\"async\" loading=\"lazy\" class=\"alignnone size-medium wp-image-2578\" src=\"http:\/\/matthieudubost.fr\/accueil\/wp-content\/uploads\/2019\/09\/IMG_5319-300x225.jpg\" alt=\"IMG_5319\" width=\"300\" height=\"225\" srcset=\"http:\/\/matthieudubost.fr\/accueil\/wp-content\/uploads\/2019\/09\/IMG_5319-300x225.jpg 300w, http:\/\/matthieudubost.fr\/accueil\/wp-content\/uploads\/2019\/09\/IMG_5319-1024x768.jpg 1024w, http:\/\/matthieudubost.fr\/accueil\/wp-content\/uploads\/2019\/09\/IMG_5319-133x99.jpg 133w\" sizes=\"(max-width: 300px) 100vw, 300px\" \/><\/a><\/p>\n","protected":false},"excerpt":{"rendered":"<p>&nbsp; Voici le\u00a0plan et les textes\u00a0de cette conf\u00e9rence donn\u00e9e au Th\u00e9\u00e2tre de Neuilly le 21 septembre 2019. Vous pouvez l&rsquo;\u00e9couter en cliquant\u00a0ici. La video comment\u00e9e dans la troisi\u00e8me partie de la conf\u00e9rence se trouve sur\u00a0http:\/\/www.youtube.com\/watch?v=a8FTr2qMutA &nbsp;<\/p>\n","protected":false},"author":1,"featured_media":0,"parent":0,"menu_order":0,"comment_status":"closed","ping_status":"open","template":"","meta":[],"_links":{"self":[{"href":"http:\/\/matthieudubost.fr\/accueil\/wp-json\/wp\/v2\/pages\/2536"}],"collection":[{"href":"http:\/\/matthieudubost.fr\/accueil\/wp-json\/wp\/v2\/pages"}],"about":[{"href":"http:\/\/matthieudubost.fr\/accueil\/wp-json\/wp\/v2\/types\/page"}],"author":[{"embeddable":true,"href":"http:\/\/matthieudubost.fr\/accueil\/wp-json\/wp\/v2\/users\/1"}],"replies":[{"embeddable":true,"href":"http:\/\/matthieudubost.fr\/accueil\/wp-json\/wp\/v2\/comments?post=2536"}],"version-history":[{"count":5,"href":"http:\/\/matthieudubost.fr\/accueil\/wp-json\/wp\/v2\/pages\/2536\/revisions"}],"predecessor-version":[{"id":2580,"href":"http:\/\/matthieudubost.fr\/accueil\/wp-json\/wp\/v2\/pages\/2536\/revisions\/2580"}],"wp:attachment":[{"href":"http:\/\/matthieudubost.fr\/accueil\/wp-json\/wp\/v2\/media?parent=2536"}],"curies":[{"name":"wp","href":"https:\/\/api.w.org\/{rel}","templated":true}]}}