{"id":242,"date":"2015-07-14T14:57:01","date_gmt":"2015-07-14T14:57:01","guid":{"rendered":"http:\/\/matthieudubost.fr\/accueil\/?page_id=242"},"modified":"2025-07-27T07:53:12","modified_gmt":"2025-07-27T07:53:12","slug":"quelques-coupures-de-presse","status":"publish","type":"page","link":"http:\/\/matthieudubost.fr\/accueil\/quelques-coupures-de-presse\/","title":{"rendered":"Quelques coupures de presse"},"content":{"rendered":"\n<p>Voici quelques articles parus r\u00e9cemment:<\/p>\n\n\n\n<p>1) sur mon essai <em>La tentation pornographique &#8211; r\u00e9flexions sur la visibilit\u00e9 de l&rsquo;intime<\/em> <\/p>\n\n\n\n<p>Une recension parue dans <em>Rouen mag <\/em>en 2006:<\/p>\n\n\n<a href=\"http:\/\/matthieudubost.fr\/accueil\/wp-content\/uploads\/2025\/07\/Rouen-mag-2006-1.pdf\" class=\"pdfemb-viewer\" style=\"\" data-width=\"max\" data-height=\"max\" data-toolbar=\"bottom\" data-toolbar-fixed=\"off\">Rouen-mag-2006-1<\/a>\n\n\n<p>Une recension parue dans la revue dominicaine <em>Lumi\u00e8re et vie <\/em>en 2012:<\/p>\n\n\n<a href=\"http:\/\/matthieudubost.fr\/accueil\/wp-content\/uploads\/2025\/07\/LV_275_pages_25-27.pdf\" class=\"pdfemb-viewer\" style=\"\" data-width=\"max\" data-height=\"max\" data-toolbar=\"bottom\" data-toolbar-fixed=\"off\">LV_275_pages_25-27<\/a>\n\n\n<p>Un article paru dans <em>GQ<\/em> en 2017:<\/p>\n\n\n<a href=\"http:\/\/matthieudubost.fr\/accueil\/wp-content\/uploads\/2025\/07\/article-GQ-2017.pdf\" class=\"pdfemb-viewer\" style=\"\" data-width=\"max\" data-height=\"max\" data-toolbar=\"bottom\" data-toolbar-fixed=\"off\">article-GQ-2017<\/a>\n\n<!-- PDF Embedder: Please provide an \"URL\" attribute in your shortcode. -->\n\n\n<p><\/p>\n\n\n\n<p>2) sur mon essai <em>Apprendre \u00e0 philosopher avec les proverbes &#8211; quelques le\u00e7ons de bonheur<\/em><\/p>\n\n\n\n<p>une recension parue dans <em>Rouen mag <\/em>en 2013:<\/p>\n\n\n<a href=\"http:\/\/matthieudubost.fr\/accueil\/wp-content\/uploads\/2025\/07\/Les-proverbes-Rouen-mag-2013.pdf\" class=\"pdfemb-viewer\" style=\"\" data-width=\"max\" data-height=\"max\" data-toolbar=\"bottom\" data-toolbar-fixed=\"off\">Les-proverbes-Rouen-mag-2013<\/a>\n\n\n<ul>\n<li>une critique parue dans <a rel=\"noopener\" href=\"http:\/\/www.paris-normandie.fr\/detail_article\/articles\/PN-975361\/grand-bonheur-en-petit-format-par-un-rouennais-975361#.Vao-CrVu7x2\" target=\"_blank\"><em>Paris Normandie<\/em><\/a><\/li>\n<\/ul>\n\n\n<!-- PDF Embedder: Please provide an \"URL\" attribute in your shortcode. -->\n\n<!-- PDF Embedder: Please provide an \"URL\" attribute in your shortcode. -->\n\n<!-- PDF Embedder: Please provide an \"URL\" attribute in your shortcode. -->\n\n<!-- PDF Embedder: Please provide an \"URL\" attribute in your shortcode. -->\n\n<!-- PDF Embedder: Please provide an \"URL\" attribute in your shortcode. -->\n\n<!-- PDF Embedder: Please provide an \"URL\" attribute in your shortcode. -->\n\n<!-- PDF Embedder: Please provide an \"URL\" attribute in your shortcode. -->\n\n<!-- PDF Embedder: Please provide an \"URL\" attribute in your shortcode. -->\n\n<!-- PDF Embedder: Please provide an \"URL\" attribute in your shortcode. -->\n\n\n<ul>\n<li>&nbsp;une autre parue dans le <em>Bulletin \u00e9conomique<a rel=\"noopener\" href=\"http:\/\/matthieudubost.fr\/accueil\/wp-content\/uploads\/2015\/07\/Ainsi-parlaient-les-proverbes.jpg\" target=\"_blank\"><img decoding=\"async\" loading=\"lazy\" width=\"697\" height=\"960\" class=\"aligncenter wp-image-247 size-full\" src=\"http:\/\/matthieudubost.fr\/accueil\/wp-content\/uploads\/2015\/07\/Ainsi-parlaient-les-proverbes.jpg\" alt=\"Ainsi parlaient les proverbes\" srcset=\"http:\/\/matthieudubost.fr\/accueil\/wp-content\/uploads\/2015\/07\/Ainsi-parlaient-les-proverbes.jpg 697w, http:\/\/matthieudubost.fr\/accueil\/wp-content\/uploads\/2015\/07\/Ainsi-parlaient-les-proverbes-217x300.jpg 217w, http:\/\/matthieudubost.fr\/accueil\/wp-content\/uploads\/2015\/07\/Ainsi-parlaient-les-proverbes-133x183.jpg 133w\" sizes=\"(max-width: 697px) 100vw, 697px\" \/><\/a><\/em><\/li>\n<\/ul>\n\n\n\n<p>3) Sur <em>La sagesse mise \u00e0 mal<\/em> dans <em>Rouen Mag juillet 2025<\/em><\/p>\n\n\n\n<figure class=\"wp-block-image size-large\"><a href=\"https:\/\/matthieudubost.fr\/accueil\/wp-content\/uploads\/2025\/07\/rouen-mag-2025-scaled.jpg\"><img decoding=\"async\" loading=\"lazy\" width=\"391\" height=\"1024\" src=\"https:\/\/matthieudubost.fr\/accueil\/wp-content\/uploads\/2025\/07\/rouen-mag-2025-391x1024.jpg\" alt=\"\" class=\"wp-image-4289\" srcset=\"http:\/\/matthieudubost.fr\/accueil\/wp-content\/uploads\/2025\/07\/rouen-mag-2025-391x1024.jpg 391w, http:\/\/matthieudubost.fr\/accueil\/wp-content\/uploads\/2025\/07\/rouen-mag-2025-114x300.jpg 114w, http:\/\/matthieudubost.fr\/accueil\/wp-content\/uploads\/2025\/07\/rouen-mag-2025-768x2013.jpg 768w, http:\/\/matthieudubost.fr\/accueil\/wp-content\/uploads\/2025\/07\/rouen-mag-2025-586x1536.jpg 586w, http:\/\/matthieudubost.fr\/accueil\/wp-content\/uploads\/2025\/07\/rouen-mag-2025-781x2048.jpg 781w, http:\/\/matthieudubost.fr\/accueil\/wp-content\/uploads\/2025\/07\/rouen-mag-2025-76x200.jpg 76w, http:\/\/matthieudubost.fr\/accueil\/wp-content\/uploads\/2025\/07\/rouen-mag-2025-scaled.jpg 977w\" sizes=\"(max-width: 391px) 100vw, 391px\" \/><\/a><\/figure>\n","protected":false},"excerpt":{"rendered":"<p>Voici quelques articles parus r\u00e9cemment: 1) sur mon essai La tentation pornographique &#8211; r\u00e9flexions sur la visibilit\u00e9 de l&rsquo;intime Une recension parue dans Rouen mag en 2006: Une recension parue dans la revue dominicaine Lumi\u00e8re et vie en 2012: Un article paru dans GQ en 2017: 2) sur mon essai Apprendre \u00e0 philosopher avec les [&hellip;]<\/p>\n","protected":false},"author":1,"featured_media":0,"parent":0,"menu_order":0,"comment_status":"open","ping_status":"open","template":"","meta":[],"_links":{"self":[{"href":"http:\/\/matthieudubost.fr\/accueil\/wp-json\/wp\/v2\/pages\/242"}],"collection":[{"href":"http:\/\/matthieudubost.fr\/accueil\/wp-json\/wp\/v2\/pages"}],"about":[{"href":"http:\/\/matthieudubost.fr\/accueil\/wp-json\/wp\/v2\/types\/page"}],"author":[{"embeddable":true,"href":"http:\/\/matthieudubost.fr\/accueil\/wp-json\/wp\/v2\/users\/1"}],"replies":[{"embeddable":true,"href":"http:\/\/matthieudubost.fr\/accueil\/wp-json\/wp\/v2\/comments?post=242"}],"version-history":[{"count":28,"href":"http:\/\/matthieudubost.fr\/accueil\/wp-json\/wp\/v2\/pages\/242\/revisions"}],"predecessor-version":[{"id":4312,"href":"http:\/\/matthieudubost.fr\/accueil\/wp-json\/wp\/v2\/pages\/242\/revisions\/4312"}],"wp:attachment":[{"href":"http:\/\/matthieudubost.fr\/accueil\/wp-json\/wp\/v2\/media?parent=242"}],"curies":[{"name":"wp","href":"https:\/\/api.w.org\/{rel}","templated":true}]}}