{"id":1732,"date":"2018-09-08T12:48:40","date_gmt":"2018-09-08T12:48:40","guid":{"rendered":"http:\/\/matthieudubost.fr\/accueil\/?page_id=1732"},"modified":"2018-09-08T14:28:42","modified_gmt":"2018-09-08T14:28:42","slug":"le-heros-hegelien-de-lhistoire-a-la-tragedie","status":"publish","type":"page","link":"http:\/\/matthieudubost.fr\/accueil\/conferences-de-philosophie-en-ligne\/le-heros-hegelien-de-lhistoire-a-la-tragedie\/","title":{"rendered":"Le h\u00e9ros hegelien &#8211; de l&rsquo;histoire \u00e0 la trag\u00e9die"},"content":{"rendered":"<p>Voici les plan et textes de cette conf\u00e9rence, donn\u00e9e en septembre 2018 aux hypokh\u00e2gneux et kh\u00e2gneux de Neuilly :\u00a0<a href=\"http:\/\/matthieudubost.fr\/accueil\/wp-content\/uploads\/2018\/09\/Textes-conf\u00e9rence-h\u00e9ros-hegelien.docx\">Plan et textes\u00a0<\/a><\/p>\n<p>Vous pouvez en \u00e9couter le contenu sur\u00a0<a href=\"http:\/\/matthieudubost.fr\/accueil\/wp-content\/uploads\/2018\/09\/Le-h\u00e9ros-hegelien.mp3\">Le h\u00e9ros hegelien<\/a><\/p>\n","protected":false},"excerpt":{"rendered":"<p>Voici les plan et textes de cette conf\u00e9rence, donn\u00e9e en septembre 2018 aux hypokh\u00e2gneux et kh\u00e2gneux de Neuilly :\u00a0Plan et textes\u00a0 Vous pouvez en \u00e9couter le contenu sur\u00a0Le h\u00e9ros hegelien<\/p>\n","protected":false},"author":1,"featured_media":0,"parent":649,"menu_order":0,"comment_status":"closed","ping_status":"open","template":"","meta":[],"_links":{"self":[{"href":"http:\/\/matthieudubost.fr\/accueil\/wp-json\/wp\/v2\/pages\/1732"}],"collection":[{"href":"http:\/\/matthieudubost.fr\/accueil\/wp-json\/wp\/v2\/pages"}],"about":[{"href":"http:\/\/matthieudubost.fr\/accueil\/wp-json\/wp\/v2\/types\/page"}],"author":[{"embeddable":true,"href":"http:\/\/matthieudubost.fr\/accueil\/wp-json\/wp\/v2\/users\/1"}],"replies":[{"embeddable":true,"href":"http:\/\/matthieudubost.fr\/accueil\/wp-json\/wp\/v2\/comments?post=1732"}],"version-history":[{"count":4,"href":"http:\/\/matthieudubost.fr\/accueil\/wp-json\/wp\/v2\/pages\/1732\/revisions"}],"predecessor-version":[{"id":1754,"href":"http:\/\/matthieudubost.fr\/accueil\/wp-json\/wp\/v2\/pages\/1732\/revisions\/1754"}],"up":[{"embeddable":true,"href":"http:\/\/matthieudubost.fr\/accueil\/wp-json\/wp\/v2\/pages\/649"}],"wp:attachment":[{"href":"http:\/\/matthieudubost.fr\/accueil\/wp-json\/wp\/v2\/media?parent=1732"}],"curies":[{"name":"wp","href":"https:\/\/api.w.org\/{rel}","templated":true}]}}

Le héros hegelien &#8211; de l&rsquo;histoire à la tragédie

<p>Voici les plan et textes de cette conférence, donnée en septembre 2018 aux hypokhâgneux et khâgneux de Neuilly : <a href="http://matthieudubost.fr/accueil/wp-content/uploads/2018/09/Textes-conférence-héros-hegelien.docx">Plan et textes </a></p>
<p>Vous pouvez en écouter le contenu sur <a href="http://matthieudubost.fr/accueil/wp-content/uploads/2018/09/Le-héros-hegelien.mp3">Le héros hegelien</a></p>

<p>Voici les plan et textes de cette conférence, donnée en septembre 2018 aux hypokhâgneux et khâgneux de Neuilly : Plan et textes  Vous pouvez en écouter le contenu sur Le héros hegelien</p>
