{"id":1426,"date":"2018-01-05T08:43:58","date_gmt":"2018-01-05T08:43:58","guid":{"rendered":"http:\/\/matthieudubost.fr\/accueil\/?page_id=1426"},"modified":"2018-03-31T19:46:08","modified_gmt":"2018-03-31T19:46:08","slug":"cours-prives","status":"publish","type":"page","link":"http:\/\/matthieudubost.fr\/accueil\/cours-prives\/","title":{"rendered":"Cours priv\u00e9s"},"content":{"rendered":"<p>Voici un ensemble de le\u00e7ons\u00a0qui peuvent figurer d&rsquo;introductions \u00e0 de grands auteurs ou \u00e0 des th\u00e8mes. Ils sont issus de cours dispens\u00e9s \u00e0 l&rsquo;Universit\u00e9 ou en Kh\u00e2gne.<\/p>\n<p>Je les d\u00e9die tous \u00e0 ma fille Apolline, qui sera un jour en \u00e2ge de les entendre.<\/p>\n<p>&nbsp;<\/p>\n","protected":false},"excerpt":{"rendered":"<p>Voici un ensemble de le\u00e7ons\u00a0qui peuvent figurer d&rsquo;introductions \u00e0 de grands auteurs ou \u00e0 des th\u00e8mes. Ils sont issus de cours dispens\u00e9s \u00e0 l&rsquo;Universit\u00e9 ou en Kh\u00e2gne. Je les d\u00e9die tous \u00e0 ma fille Apolline, qui sera un jour en \u00e2ge de les entendre. &nbsp;<\/p>\n","protected":false},"author":1,"featured_media":0,"parent":0,"menu_order":0,"comment_status":"closed","ping_status":"open","template":"","meta":[],"_links":{"self":[{"href":"http:\/\/matthieudubost.fr\/accueil\/wp-json\/wp\/v2\/pages\/1426"}],"collection":[{"href":"http:\/\/matthieudubost.fr\/accueil\/wp-json\/wp\/v2\/pages"}],"about":[{"href":"http:\/\/matthieudubost.fr\/accueil\/wp-json\/wp\/v2\/types\/page"}],"author":[{"embeddable":true,"href":"http:\/\/matthieudubost.fr\/accueil\/wp-json\/wp\/v2\/users\/1"}],"replies":[{"embeddable":true,"href":"http:\/\/matthieudubost.fr\/accueil\/wp-json\/wp\/v2\/comments?post=1426"}],"version-history":[{"count":7,"href":"http:\/\/matthieudubost.fr\/accueil\/wp-json\/wp\/v2\/pages\/1426\/revisions"}],"predecessor-version":[{"id":1575,"href":"http:\/\/matthieudubost.fr\/accueil\/wp-json\/wp\/v2\/pages\/1426\/revisions\/1575"}],"wp:attachment":[{"href":"http:\/\/matthieudubost.fr\/accueil\/wp-json\/wp\/v2\/media?parent=1426"}],"curies":[{"name":"wp","href":"https:\/\/api.w.org\/{rel}","templated":true}]}}